prime factors of 28574?
2, 7, 13, 157
What are the prime factors of 2808?
2, 3, 13
List the prime factors of 5002.
2, 41, 61
What are the prime factors of 155?
5, 31
What are the prime factors of 282?
2, 3, 47
What are the prime factors of 20388?
2, 3, 1699
What are the prime factors of 946?
2, 11, 43
What are the prime factors of 9352?
2, 7, 167
What are the prime factors of 4892?
2, 1223
What are the prime factors of 817?
19, 43
List the prime factors of 1813.
7, 37
What are the prime factors of 1108?
2, 277
What are the prime factors of 101503?
101503
What are the prime factors of 576?
2, 3
List the prime factors of 3213.
3, 7, 17
What are the prime factors of 15825?
3, 5, 211
List the prime factors of 4138.
2, 2069
What are the prime factors of 28?
2, 7
List the prime factors of 1326.
2, 3, 13, 17
List the prime factors of 14165.
5, 2833
List the prime factors of 2022.
2, 3, 337
What are the prime factors of 28277?
28277
What are the prime factors of 32345?
5, 6469
What are the prime factors of 9835?
5, 7, 281
What are the prime factors of 3148?
2, 787
List the prime factors of 51890.
2, 5, 5189
What are the prime factors of 5079?
3, 1693
List the prime factors of 301.
7, 43
What are the prime factors of 98376?
2, 3, 4099
What are the prime factors of 17206?
2, 7, 1229
What are the prime factors of 355?
5, 71
List the prime factors of 65140.
2, 5, 3257
What are the prime factors of 27928?
2, 3491
List the prime factors of 1228.
2, 307
List the prime factors of 33285.
3, 5, 7, 317
List the prime factors of 4012.
2, 17, 59
What are the prime factors of 124903?
29, 59, 73
List the prime factors of 15772.
2, 3943
What are the prime factors of 9892?
2, 2473
What are the prime factors of 19217?
11, 1747
What are the prime factors of 1396?
2, 349
List the prime factors of 421.
421
What are the prime factors of 941?
941
What are the prime factors of 949?
13, 73
What are the prime factors of 88491?
3, 13, 2269
List the prime factors of 15067.
13, 19, 61
List the prime factors of 7029.
3, 11, 71
What are the prime factors of 3939?
3, 13, 101
What are the prime factors of 11033?
11, 17, 59
What are the prime factors of 260?
2, 5, 13
List the prime factors of 4653.
3, 11, 47
List the prime factors of 4528.
2, 283
What are the prime factors of 970?
2, 5, 97
List the prime factors of 66150.
2, 3, 5, 7
List the prime factors of 358.
2, 179
What are the prime factors of 17432?
2, 2179
What are the prime factors of 9220?
2, 5, 461
What are the prime factors of 6206?
2, 29, 107
List the prime factors of 36139.
71, 509
What are the prime factors of 6870?
2, 3, 5, 229
List the prime factors of 30936.
2, 3, 1289
What are the prime factors of 6118?
2, 7, 19, 23
What are the prime factors of 19080?
2, 3, 5, 53
What are the prime factors of 27357?
3, 11, 829
List the prime factors of 9829.
9829
List the prime factors of 348.
2, 3, 29
List the prime factors of 5371.
41, 131
What are the prime factors of 1031?
1031
What are the prime factors of 24172?
2, 6043
List the prime factors of 76051.
59, 1289
List the prime factors of 5391.
3, 599
What are the prime factors of 5722?
2, 2861
What are the prime factors of 18654?
2, 3, 3109
List the prime factors of 25929.
3, 43, 67
What are the prime factors of 110948?
2, 27737
List the prime factors of 40191.
3, 13397
List the prime factors of 775.
5, 31
What are the prime factors of 81120?
2, 3, 5, 13
List the prime factors of 4018.
2, 7, 41
What are the prime factors of 14?
2, 7
List the prime factors of 65.
5, 13
What are the prime factors of 7136?
2, 223
What are the prime factors of 28217?
7, 29, 139
List the prime factors of 1900.
2, 5, 19
List the prime factors of 15285.
3, 5, 1019
What are the prime factors of 10666?
2, 5333
What are the prime factors of 8675?
5, 347
List the prime factors of 7794.
2, 3, 433
List the prime factors of 40366.
2, 20183
List the prime factors of 2130.
2, 3, 5, 71
What are the prime factors of 58233?
3, 7, 47, 59
What are the prime factors of 3592?
2, 449
List the prime factors of 1258.
2, 17, 37
List the prime factors of 43535.
5, 8707
What are the prime factors of 6579?
3, 17, 43
What are the prime factors of 1140?
2, 3, 5, 19
List the prime factors of 59699.
59699
List the prime factors of 77158.
2, 173, 223
What are the prime factors of 31700?
2, 5, 317
List the prime factors of 92450.
2, 5, 43
What are the prime factors of 232?
2, 29
What are the prime factors of 13657?
7, 1951
What are the prime factors of 34188?
2, 3, 7, 11, 37
List the prime factors of 539.
7, 11
What are the prime factors of 7668?
2, 3, 71
List the prime factors of 3632.
2, 227
List the prime factors of 711.
3, 79
What are the prime factors of 2693?
2693
List the prime factors of 11551.
11551
List the prime factors of 1200.
2, 3, 5
List the prime factors of 1214.
2, 607
What are the prime factors of 2241?
3, 83
What are the prime factors of 1068?
2, 3, 89
List the prime factors of 641.
641
What are the prime factors of 8009?
8009
What are the prime factors of 5594?
2, 2797
What are the prime factors of 2985?
3, 5, 199
List the prime factors of 3555.
3, 5, 79
List the prime factors of 5987.
5987
What are the prime factors of 14932?
2, 3733
What are the prime factors of 2028?
2, 3, 13
What are the prime factors of 250?
2, 5
What are the prime factors of 135?
3, 5
What are the prime factors of 1723?
1723
What are the prime factors of 12492?
2, 3, 347
List the prime factors of 99192.
2, 3, 4133
What are the prime factors of 18694?
2, 13, 719
What are the prime factors of 145350?
2, 3, 5, 17, 19
What are the prime factors of 3914?
2, 19, 103
What are the prime factors of 2637?
3, 293
List the prime factors of 138604.
2, 34651
What are the prime factors of 1038?
2, 3, 173
List the prime factors of 19391.
19391
List the prime factors of 1485.
3, 5, 11
List the prime factors of 71586.
2, 3, 41, 97
List the prime factors of 181.
181
What are the prime factors of 19241?
71, 271
List the prime factors of 2896.
2, 181
What are the prime factors of 505?
5, 101
List the prime factors of 6869.
6869
What are the prime factors of 681?
3, 227
What are the prime factors of 14662?
2, 7331
What are the prime factors of 1288?
2, 7, 23
What are the prime factors of 221?
13, 17
What are the prime factors of 5505?
3, 5, 367
List the prime factors of 3460.
2, 5, 173
List the prime factors of 45990.
2, 3, 5, 7, 73
List the prime factors of 871.
13, 67
List the prime factors of 8594.
2, 4297
What are the prime factors of 7459?
7459
List the prime factors of 38130.
2, 3, 5, 31, 41
What are the prime factors of 605?
5, 11
List the prime factors of 47478.
2, 3, 41, 193
What are the prime factors of 10684?
2, 2671
What are the prime factors of 3842?
2, 17, 113
List the prime factors of 35963.
35963
What are the prime factors of 1418?
2, 709
What are the prime factors of 77206?
2, 38603
What are the prime factors of 1697?
1697
What are the prime factors of 16632?
2, 3, 7, 11
What are the prime factors of 293?
293
What are the prime factors of 4337?
4337
What are the prime factors of 2588?
2, 647
What are the prime factors of 56844?
2, 3, 1579
List the prime factors of 5417.
5417
List the prime factors of 148675.
5, 19, 313
List the prime factors of 1200.
2, 3, 5
List the prime factors of 52665.
3, 5, 3511
What are the prime factors of 991?
991
What are the prime factors of 2385?
3, 5, 53
What are the prime factors of 2587?
13, 199
What are the prime factors of 27139?
7, 3877
List the prime factors of 1942.
2, 971
List the prime factors of 42855.
3, 5, 2857
What are the prime factors of 13111?
7, 1873
List the prime factors of 2071.
19, 109
What are the prime factors of 22726?
2, 11, 1033
What are the prime factors of 15913?
15913
List the prime factors of 33121.
11, 3011
What are the prime factors of 178?
2, 89
What are the prime factors of 634?
2, 317
List the prime factors of 77087.
157, 491
What are the prime factors of 37509?
3, 12503
What are the prime factors of 3321?
3, 41
List the prime factors of 13771.
47, 293
What are the prime factors of 921?
3, 307
What are the prime factors of 15448?
2, 1931
What are the prime factors of 983?
983
What are the prime factors of 8905?
5, 13, 137
What are the prime factors of 2156?
2, 7, 11
What a